ppose 460 = 4*a + 20*c - 15*c, 2*a - 230 = -c. Suppose 4*w - 256 = 508. Let l = w - a. What is the units digit of l?
6
Let s(k) = 2 + 4*k - 2 - k**2 - 1 + 4. Let z be s(5). What is the tens digit of z/(-3)*(-102)/(-4)?
1
What is the units digit of (-24)/(-56) + ((-38628)/(-28) - 7)?
3
Let w(i) be the third derivative of 73*i**6/120 - i**5/60 - i**4/12 + i**3/3 + 2*i**2. Let q be (-3)/((-6)/4) - (0 - -1). What is the units digit of w(q)?
2
Let x = 63637 + -28858. What is the thousands digit of x?
4
Let r = 29456 + -17272. What is the ten thousands digit of r?
1
What is the thousands digit of (-11)/((-176)/46736) - 4?
2
What is the tens digit of ((-124)/(-36) - 3) + 3004546/153?
3
Suppose -3*s + 2*p = -10436, -4*s + 11170 = -5*p - 2747. What is the thousands digit of s?
3
Let i(k) = 27*k**2 - 326*k - 91. What is the thousands digit of i(39)?
8
Let g(n) = 171*n + 84. What is the units digit of g(7)?
1
Let j = -58 - -61. Let y(n) = -j + 8 + 4*n + 7. What is the units digit of y(8)?
4
Suppose r + 27 = 2*q - 62, -3*r + 27 = q. Let a be (-9)/2*(3 - 1). What is the units digit of (q/a - (-8 + 5))*-9?
5
Let b be 0 - ((-55)/5 - (-1)/1). Suppose b*r + 114 = -186. Let h = 61 + r. What is the units digit of h?
1
Suppose 3*q = 5*r - 743, 0 = 11*q - 9*q - r + 500. Let v = 208 - q. What is the tens digit of v?
5
Let j be (4 - (2 + -2)) + (210 - 76). Suppose -5*w = -173 - 7. Suppose -w = -2*q + j. What is the units digit of q?
7
Let s(x) = -750*x + 9443. What is the ten thousands digit of s(-66)?
5
Suppose -2*k = 3*z - 15926, 8*k - 3*k + 5303 = z. What is the units digit of z?
8
Let m(q) = 32*q + 80. Let c be 18/(-7)*322/(-69). What is the units digit of m(c)?
4
Let j(z) be the first derivative of 271*z**2/2 + 171*z - 14. What is the tens digit of j(5)?
2
Suppose 0 = -30*d + 14739 + 9088 + 4883. What is the units digit of d?
7
What is the tens digit of (-7 - 66957/(-44))/((-7)/(-84))?
7
Suppose n + 380 = -3*o, -76 - 306 = n + 2*o. Let t(x) = 20*x**2 + 10*x + 6. Let g be t(-6). Let i = g + n. What is the units digit of i?
0
What is the tens digit of ((-1164)/(-4))/(186/(-63) + 3)?
1
Let f = 6124 + 9551. What is the hundreds digit of f?
6
Suppose -39*s - 40060 = -248242. What is the thousands digit of s?
5
Let d(c) = c**3 + 2*c**2 - 26*c - 32. Let f be d(-6). Let s = 76 - f. What is the tens digit of s?
9
Let s(w) = -4*w**3 - 3*w**2 - 5*w + 2. Let f be s(-3). Let z = 140 + f. What is the tens digit of z?
3
Suppose i - 1117 = -5*z, -2*i + 3362 = i + 4*z. Suppose -56*r + 57*r - 3 = 0. Suppose 4*k - r*o = i, 4*k + 0*o - 1134 = -3*o. What is the hundreds digit of k?
2
Let t(c) = -4*c**3 + 15*c**2 + 43*c + 20. Let h(q) = 7*q**3 - 30*q**2 - 85*q - 40. Let a(x) = 6*h(x) + 11*t(x). What is the hundreds digit of a(-11)?
2
Suppose 7*q - 6 - 15 = 0. Suppose -q = -a - 3. What is the units digit of 7*(1 - a)*28?
6
Suppose 0 = -1056*m + 1057*m - 11250. What is the thousands digit of m?
1
Suppose 3*d - 15*f - 19149 = -12*f, -d + 3*f = -6387. What is the tens digit of d?
8
Suppose -273391 = 191*h - 195*h + 3*f, 3*f = -3*h + 205059. What is the thousands digit of h?
8
Let i(p) = 251*p - 1601. What is the hundreds digit of i(174)?
0
Let t(z) = -z**2 - 11*z + 2. Let a be t(-6). Suppose 0 = 3*r - 6 - 3. What is the tens digit of a/(2/33*r)*1?
7
Let q(o) be the first derivative of 223*o**2/2 - 75*o + 115. What is the thousands digit of q(5)?
1
Suppose -5*q = -10, k + q + 278 = -4*k. Let v = k - -59. Suppose -3*c + 6*p + 86 = 2*p, 0 = v*c + 3*p - 114. What is the tens digit of c?
3
Let l(z) = 1563*z**3 + 4*z**2 - 6*z + 8. Let s be l(2). Suppose 0 = -343*v + 329*v + s. What is the tens digit of v?
9
Let a(u) = u**2 + 5*u + 6. Let m be a(-3). Suppose 4*j - 292 = -m*j. What is the tens digit of j?
7
Suppose -27*a + 29*a - 2 = 0. What is the hundreds digit of (-11 - -6) + 3 + 475/a?
4
Let w be (-3277)/(-4) - 2/8. Let t = 1275 - w. What is the hundreds digit of t?
4
Let g(p) = -172*p**2 + 5*p - 6 + 174*p**2 - 13. What is the units digit of g(-14)?
3
Let i be 58/29 + 113*5. Suppose -19*z + i = -12*z. What is the units digit of z?
1
Suppose 4 = 4*y - 4. Let q be (-1896)/45 + y/15. Let o = 42 - q. What is the tens digit of o?
8
Let r(x) = x**3 + 19*x**2 - 22*x - 3. Suppose 3*j - 2*f + 0*f + 56 = 0, -3*j + f - 58 = 0. Let h be r(j). What is the tens digit of 3 + 1 + -4 + h?
3
Let g be 4/10*6*5. Suppose -13*j - 5*p - 6465 = -18*j, 0 = -3*j - 3*p + 3909. Suppose -g*r = -r - j. What is the tens digit of r?
1
Suppose 1213 = 12*r - 11*r - 5*z, 4*r - 5*z = 4867. Suppose -16*h = -18*h + r. What is the tens digit of h?
0
Suppose 2*g + 56 = -12*g. What is the units digit of (-208)/(-26)*(-446)/g?
2
Let a = -117 + 264. Suppose 11*p = a + 3736. What is the hundreds digit of p?
3
Let i(t) = 6*t - 23. Suppose -2*g - 14 = 2*x, 4*g + 23 = -3*x + 2*g. Let c be i(x). Let l = 6 - c. What is the tens digit of l?
8
Let m be (795/25)/((3 - 7)/(-20)). Suppose r - 708 = -m. What is the units digit of r?
9
Let m = 420 + -552. Let t = m + 915. What is the tens digit of t?
8
Let v(g) = -g**3 + 12*g**2 + 7*g - 82. Let q be v(12). Suppose q*m - 33*m + 40982 = 0. What is the thousands digit of m?
1
Let g = -2480 - -5042. Suppose -4*u - g = -10*u. What is the hundreds digit of u?
4
Suppose -184*h - 1165600 = -234*h. What is the thousands digit of h?
3
What is the units digit of (2725608/(-21))/(-4) + 5 + (-132)/28?
8
Let u(g) = 6*g - 6. Let w be u(-19). Let j = w + -88. What is the units digit of (j/6)/((-10)/15)?
2
Suppose 16*g = 274438 + 176938. What is the thousands digit of g?
8
Suppose 2*q + 26803 = 5*j, 3*j - 12704 - 3391 = -q. What is the thousands digit of j?
5
Suppose 2*d + 4*w - 17652 = 0, 4*w = 1129*d - 1126*d - 26478. What is the hundreds digit of d?
8
Let o(y) = -176*y - 433. Suppose 0 = -136*p + 129*p - 84. What is the thousands digit of o(p)?
1
What is the thousands digit of 18 + (-625632)/(-16) - -14?
9
Let i be -2*(-3)/(-12)*-6. Let l be (-285)/38*(-2)/i. Suppose 0 = -l*g, -2*g + 296 = 4*f + 64. What is the units digit of f?
8
Let t(l) = 4*l**2 - 15*l - 10. Let q be (-261)/(-21) + 24/(-56). What is the units digit of t(q)?
6
Suppose -4*j - 2945 = -7809. What is the units digit of j?
6
Suppose 105683 = -22*z + 845191. What is the hundreds digit of z?
6
Suppose -q + 1027*m + 21370 = 1028*m, 4*m = -5*q + 106843. What is the thousands digit of q?
1
What is the hundreds digit of (20621 - -43) + -12 - (0 + 1)?
6
Let n = -15061 - -58327. What is the hundreds digit of n?
2
Let f(y) = y**3 - 75*y**2 - 6*y + 78. What is the tens digit of f(77)?
7
Suppose 0 = -1588*g + 1601*g + 26. Let j(z) = -45*z + 1 - 10 + 2. What is the units digit of j(g)?
3
Suppose 10*d = 5*d + 175. Let q = d + -49. Let p = 121 + q. What is the tens digit of p?
0
Suppose n + 8*t = 4*t - 1549, -3*t = -9. Let d = n - -2346. What is the tens digit of d?
8
Let d(q) = 113*q + 3. Let y(p) = -p**2 - 4*p - 1. Let h be y(-2). Suppose 0*i + 2*i + 4 = -4*f, -i = h*f + 1. What is the hundreds digit of d(f)?
1
Let a(g) = -1613*g + 28. Let q be a(-4). Suppose 4*k - q = -16*k. What is the units digit of k?
4
Let z = 149 + -138. Suppose 4*j - 3*h - 434 = 0, 3*j = -12*h + z*h + 319. What is the hundreds digit of j?
1
Let h(w) be the second derivative of -w**4/12 - 19*w**3/3 - 43*w**2/2 + w. What is the hundreds digit of h(-21)?
3
Suppose -4*i - 13*p + 99 = -8*p, 4*i - 100 = -4*p. Suppose i*x - 1662 = 24*x. What is the tens digit of x?
3
Suppose 116*j + 84*j - 4770000 = 0. What is the ten thousands digit of j?
2
Let q(o) = -o**3 + 9*o**2 - 9*o + 13. Let p = -62 - -70. Let v be q(p). Suppose -3*c + 42 = -3*y, 2*c - 5*c = v*y - 50. What is the units digit of c?
5
Let j = -4 - -14. Let m(i) be the third derivative of 5*i**4/8 - 25*i**3/3 + 2779*i**2. What is the tens digit of m(j)?
0
What is the hundreds digit of 288224/20 - 9 - 12/(-15)?
4
Let x(a) = 2*a + 7. Let l be x(-3). Let f be (9 + -15)/((-3)/l). What is the units digit of -2 + 126/(f + 4)?
9
Let d(j) = -j**3 + 3*j**2 + 10*j - 6. Let w be d(-5). Suppose -3*p = -5*b + 1255, -b - 3*p + w = -89. Let k = b - 172. What is the tens digit of k?
7
Suppose 4 = -10*k + 12*k. Suppose -8*t - t + 594 = 0. Let m = k + t. What is the units digit of m?
8
Let q(l) = l**2 - 12*l - 13. Let a be q(13). Let t be 72/(-20)*